housands digit of 24884?
2
What is the units digit of 80156?
6
What is the thousands digit of 4481?
4
What is the tens digit of 29619?
1
What is the hundreds digit of 12125?
1
What is the thousands digit of 3627?
3
What is the tens digit of 5834?
3
What is the hundreds digit of 8845?
8
What is the hundreds digit of 8626?
6
What is the units digit of 82?
2
What is the tens digit of 3202?
0
What is the hundreds digit of 30905?
9
What is the units digit of 2271?
1
What is the tens digit of 3857?
5
What is the tens digit of 59808?
0
What is the units digit of 479?
9
What is the tens digit of 886?
8
What is the hundreds digit of 140643?
6
What is the tens digit of 10049?
4
What is the thousands digit of 43829?
3
What is the units digit of 25693?
3
What is the tens digit of 55698?
9
What is the thousands digit of 2279?
2
What is the thousands digit of 39747?
9
What is the thousands digit of 7906?
7
What is the units digit of 63?
3
What is the thousands digit of 2879?
2
What is the tens digit of 976?
7
What is the units digit of 3464?
4
What is the units digit of 33351?
1
What is the tens digit of 5141?
4
What is the ten thousands digit of 53692?
5
What is the tens digit of 32111?
1
What is the hundreds digit of 2482?
4
What is the thousands digit of 30274?
0
What is the units digit of 1759?
9
What is the thousands digit of 1726?
1
What is the thousands digit of 27767?
7
What is the thousands digit of 47315?
7
What is the hundreds digit of 9767?
7
What is the hundreds digit of 2814?
8
What is the thousands digit of 32718?
2
What is the thousands digit of 179191?
9
What is the hundreds digit of 4047?
0
What is the tens digit of 32333?
3
What is the hundreds digit of 2644?
6
What is the hundreds digit of 565?
5
What is the thousands digit of 3652?
3
What is the units digit of 6654?
4
What is the hundreds digit of 1935?
9
What is the hundreds digit of 4889?
8
What is the thousands digit of 11725?
1
What is the units digit of 8563?
3
What is the hundreds digit of 978?
9
What is the units digit of 4000?
0
What is the ten thousands digit of 37807?
3
What is the tens digit of 14734?
3
What is the units digit of 4471?
1
What is the units digit of 4268?
8
What is the thousands digit of 2052?
2
What is the ten thousands digit of 106516?
0
What is the hundreds digit of 4695?
6
What is the ten thousands digit of 144423?
4
What is the units digit of 586?
6
What is the units digit of 7056?
6
What is the units digit of 1936?
6
What is the units digit of 36300?
0
What is the thousands digit of 1848?
1
What is the units digit of 11?
1
What is the thousands digit of 4829?
4
What is the tens digit of 97?
9
What is the hundreds digit of 2165?
1
What is the hundreds digit of 10947?
9
What is the units digit of 1861?
1
What is the thousands digit of 42973?
2
What is the tens digit of 420?
2
What is the units digit of 3990?
0
What is the tens digit of 651?
5
What is the thousands digit of 8980?
8
What is the units digit of 89224?
4
What is the tens digit of 2873?
7
What is the hundreds digit of 90194?
1
What is the hundreds digit of 114377?
3
What is the tens digit of 30?
3
What is the tens digit of 6143?
4
What is the tens digit of 8303?
0
What is the thousands digit of 2639?
2
What is the tens digit of 1068?
6
What is the tens digit of 14?
1
What is the hundreds digit of 17729?
7
What is the tens digit of 26?
2
What is the tens digit of 8133?
3
What is the units digit of 3019?
9
What is the hundreds digit of 15774?
7
What is the hundreds digit of 13772?
7
What is the ten thousands digit of 16186?
1
What is the units digit of 21086?
6
What is the hundreds digit of 695?
6
What is the tens digit of 1833?
3
What is the tens digit of 2981?
8
What is the units digit of 177100?
0
What is the tens digit of 5066?
6
What is the thousands digit of 12132?
2
What is the hundreds digit of 29551?
5
What is the tens digit of 8950?
5
What is the tens digit of 2936?
3
What is the units digit of 127522?
2
What is the tens digit of 2749?
4
What is the hundred thousands digit of 193822?
1
What is the tens digit of 1943?
4
What is the thousands digit of 1810?
1
What is the units digit of 7?
7
What is the hundreds digit of 1147?
1
What is the hundreds digit of 35831?
8
What is the thousands digit of 56705?
6
What is the thousands digit of 1624?
1
What is the units digit of 47085?
5
What is the units digit of 5541?
1
What is the tens digit of 146669?
6
What is the hundreds digit of 9312?
3
What is the units digit of 694?
4
What is the units digit of 101211?
1
What is the hundreds digit of 2926?
9
What is the thousands digit of 141179?
1
What is the hundreds digit of 79941?
9
What is the hundreds digit of 84971?
9
What is the units digit of 578?
8
What is the ten thousands digit of 30362?
3
What is the hundreds digit of 3546?
5
What is the units digit of 4415?
5
What is the ten thousands digit of 111278?
1
What is the units digit of 5083?
3
What is the tens digit of 79418?
1
What is the tens digit of 5596?
9
What is the tens digit of 595?
9
What is the units digit of 4231?
1
What is the tens digit of 1463?
6
What is the tens digit of 12889?
8
What is the units digit of 1327?
7
What is the thousands digit of 1137?
1
What is the hundreds digit of 112838?
8
What is the units digit of 141101?
1
What is the tens digit of 77028?
2
What is the hundreds digit of 446?
4
What is the tens digit of 79491?
9
What is the thousands digit of 43838?
3
What is the units digit of 21881?
1
What is the thousands digit of 1752?
1
What is the units digit of 950?
0
What is the units digit of 2737?
7
What is the tens digit of 383?
8
What is the tens digit of 4227?
2
What is the units digit of 70?
0
What is the hundreds digit of 4269?
2
What is the hundreds digit of 9742?
7
What is the tens digit of 25541?
4
What is the thousands digit of 2335?
2
What is the hundreds digit of 1650?
6
What is the tens digit of 19133?
3
What is the thousands digit of 2885?
2
What is the hundreds digit of 61114?
1
What is the tens digit of 35561?
6
What is the ten thousands digit of 145762?
4
What is the units digit of 1305?
5
What is the ten thousands digit of 14111?
1
What is the thousands digit of 9487?
9
What is the thousands digit of 55412?
5
What is the units digit of 69496?
6
What is the units digit of 4484?
4
What is the tens digit of 74?
7
What is the units digit of 41535?
5
What is the units digit of 28893?
3
What is the thousands digit of 11891?
1
What is the tens digit of 36457?
5
What is the tens digit of 928?
2
What is the thousands digit of 3387?
3
What is the units digit of 36424?
4
What is the ten thousands digit of 12461?
1
What is the tens digit of 928?
2
What is the hundreds digit of 8475?
4
What is the units digit of 889?
9
What is the units digit of 928?
8
What is the thousands digit of 51542?
1
What is the units digit of 7402?
2
What is the tens digit of 379?
7
What is the units digit of 479?
9
What is the hundreds digit of 508?
5
What is the thousands digit of 1268?
1
What is the thousands digit of 2405?
2
What is the thousands digit of 3508?
3
What is the thousands digit of 1099?
1
What is the units digit of 18286?
6
What is the thousands digit of 2602?
2
What is the units digit of 10163?
3
What is the units digit of 7869?
9
What is the hundreds digit of 1762?
7
What is the hundreds digit of 634?
6
What is the thousands digit of 5181?
5
What is the thousands digit of 11953?
1
What is the tens digit of 1585?
8
What is the tens digit of 15315?
1
What is the hundred thousands digit of 122147?
1
What is the thousands digit of 1138?
1
What is the units digit of 6788?
8
What is the units digit of 4813?
3
What is the tens digit of 20706?
0
What is the units digit of 984?
4
What is the tens digit of 61709?
0
What is the thousands digit of 14536?
4
What is the hundreds digit of 1212?
2
What is the thousands digit of 3404?
3
What is the units digit of 501?
1
What is the thousands digit of 2096?
2
What is the units digit of 8026?
6
What is the tens digit of 18346?
4
What is the tens digit of 15984?
8
What is the hundreds digit of 23583?
5
What is the ten thousands digit of 10949?
1
What is the tens digit of 9798?
9
What is the hundreds digit of 2001?
0
What is the tens digit of 1791?
9
What is the thousands digit of 12838